{"id":5,"date":"2024-04-13T16:35:59","date_gmt":"2024-04-13T16:35:59","guid":{"rendered":"http:\/\/waldvorkies.de\/?page_id=5"},"modified":"2024-12-19T16:19:25","modified_gmt":"2024-12-19T16:19:25","slug":"willkommen-auf-http-waldvorkies-de","status":"publish","type":"page","link":"https:\/\/waldvorkies.de\/","title":{"rendered":"Wald vor Kies"},"content":{"rendered":"\n<p class=\"has-black-color has-white-background-color has-text-color has-background has-link-color wp-elements-b81f48067bd9c68fb99b6a592250243a\">Willkommen auf der Website der Bewegung &#8222;Wald vor Kies&#8220;.  Wir sind eine Gruppe von engagierten B\u00fcrgern aus Passau, die sich gemeinsam gegen die geplante Erweiterung des Kieswerks in Salzweg\/Untersimboln einsetzen. Unsere Mission ist es, die Auswirkungen dieses Vorhabens auf unsere Umwelt, unsere Gesundheit und unsere Lebensqualit\u00e4t transparent darzustellen und aktiv gegen diesen unverh\u00e4ltnism\u00e4\u00dfigen Eingriff in die Natur anzuk\u00e4mpfen. Auf dieser Website finden Sie aktuelle Informationen \u00fcber unser Anliegen, die geplanten Ma\u00dfnahmen, sowie M\u00f6glichkeiten, wie Sie sich an unserem Kampf beteiligen k\u00f6nnen. Nur gemeinsam k\u00f6nnen wir etwas bewirken und unser Engagement gegen die Erweiterung des Kieswerks zeigen! Vielen Dank f\u00fcr Ihren Besuch und Ihre Unterst\u00fctzung.<\/p>\n\n\n\n<h2 class=\"wp-block-heading has-text-align-center has-black-color has-white-background-color has-text-color has-background has-link-color wp-elements-0890026a6a8a687705c9e1ea35811332\" style=\"font-style:normal;font-weight:100\">Worum geht es?<\/h2>\n\n\n\n<p class=\"has-black-color has-white-background-color has-text-color has-background has-link-color wp-elements-ecef052bafe51345ce775d993c99d520\">Die&nbsp;<strong>Initiative WaldvorKies \u2013 Kies nicht um jeden Preis<\/strong>&nbsp;wurde im M\u00e4rz 2024 von Passauer B\u00fcrgerinnen und B\u00fcrgern ins Leben gerufen, die von der geplanten Erweiterung des Quarzkiesabbaugebiets in Untersimboln (Gemeinde Salzweg) betroffen sind.<\/p>\n\n\n\n<p class=\"has-black-color has-white-background-color has-text-color has-background has-link-color wp-elements-28a919febc35c76b777024a8a8121234\"><strong>Bedrohte Waldfl\u00e4che<\/strong>: 20,2 Hektar Wald<\/p>\n\n\n\n<figure class=\"wp-block-image\"><img loading=\"lazy\" decoding=\"async\" width=\"1398\" height=\"736\" src=\"https:\/\/waldvorkies.de\/wp-content\/uploads\/2024\/10\/Karte-Kieswerk.jpg\" alt=\"Karte des Kieswerks mit den geplanten Erweiterungen\" class=\"wp-image-230\" srcset=\"https:\/\/waldvorkies.de\/wp-content\/uploads\/2024\/10\/Karte-Kieswerk.jpg 1398w, https:\/\/waldvorkies.de\/wp-content\/uploads\/2024\/10\/Karte-Kieswerk-300x158.jpg 300w, https:\/\/waldvorkies.de\/wp-content\/uploads\/2024\/10\/Karte-Kieswerk-1024x539.jpg 1024w, https:\/\/waldvorkies.de\/wp-content\/uploads\/2024\/10\/Karte-Kieswerk-768x404.jpg 768w\" sizes=\"auto, (max-width: 1398px) 100vw, 1398px\" \/><figcaption class=\"wp-element-caption\">Karte des Kieswerks mit den geplanten Erweiterungen<\/figcaption><\/figure>\n\n\n\n<p class=\"has-black-color has-white-background-color has-text-color has-background has-link-color wp-elements-7ad5a229586c014aa6fc727a4e32c4a4\">Der bereits bestehende Kiesabbau erstreckt sich \u00fcber ca. 17,7 Hektar genehmigter Fl\u00e4che und weiteren ca. 2 Hektar geplanter Fl\u00e4che, welche im Regionalplan als Vorbehaltsgebiet Kies und Sand (KS59) dargestellt sind.<\/p>\n\n\n\n<figure class=\"wp-block-image\"><img loading=\"lazy\" decoding=\"async\" width=\"1600\" height=\"512\" src=\"https:\/\/waldvorkies.de\/wp-content\/uploads\/2024\/10\/Kiesgrube.jpg\" alt=\"Kiesgrube in Untersimboln\" class=\"wp-image-231\" srcset=\"https:\/\/waldvorkies.de\/wp-content\/uploads\/2024\/10\/Kiesgrube.jpg 1600w, https:\/\/waldvorkies.de\/wp-content\/uploads\/2024\/10\/Kiesgrube-300x96.jpg 300w, https:\/\/waldvorkies.de\/wp-content\/uploads\/2024\/10\/Kiesgrube-1024x328.jpg 1024w, https:\/\/waldvorkies.de\/wp-content\/uploads\/2024\/10\/Kiesgrube-768x246.jpg 768w, https:\/\/waldvorkies.de\/wp-content\/uploads\/2024\/10\/Kiesgrube-1536x492.jpg 1536w\" sizes=\"auto, (max-width: 1600px) 100vw, 1600px\" \/><\/figure>\n\n\n\n<p class=\"has-black-color has-white-background-color has-text-color has-background has-link-color wp-elements-bd6519aaa96eb172fa5c464d6c96f99c\">Im Rahmen des Planfeststellungsverfahrens soll dieser um weitere 20,2 Hektar erweitert werden. Die zu genehmigende Fl\u00e4che liegt jedoch vollst\u00e4ndig im landschaftlichen Vorbehaltsgebiet (Gebiet 26) des Regionalplans.<\/p>\n\n\n\n<p class=\"has-black-color has-white-background-color has-text-color has-background has-link-color wp-elements-94de55d5bc26b93a24f1067ce3fe2e9f\">Mit dieser Ma\u00dfnahme sollen 20,2 Hektar hochwertiger und altgewachsener Mischwald zerst\u00f6rt werden. Da der abzubauende Kies \u00fcber 80% Quarzanteil enth\u00e4lt, liegt die Genehmigung in der Verantwortung des Bergamtes und nicht des Landratsamtes. Der Kies und der Sand weisen allerdings nicht die erforderliche Qualit\u00e4t auf, um zur Siliziumherstellung weiterverarbeitet zu werden.<\/p>\n\n\n\n<h2 class=\"wp-block-heading has-text-align-center has-black-color has-white-background-color has-text-color has-background has-link-color wp-elements-ae3bbae8b0c78052ae378b82522af0da\" style=\"font-style:normal;font-weight:100\">Was bedeutet der Kiesabbau f\u00fcr dieses Gebiet?<\/h2>\n\n\n\n<p class=\"has-black-color has-white-background-color has-text-color has-background has-link-color wp-elements-304591dc2f3a6abec25cedf46f2fe200\">Der Wegfall dieses Gebiets zerschneidet ein weitl\u00e4ufiges Naherholungsgebiet vollst\u00e4ndig, und beliebte Wanderwege w\u00fcrden verschwinden, welche vielen Passauerinnen und Passauern sowie den Bewohnern des Landkreises als Naherholung dienen.<\/p>\n\n\n\n<figure class=\"wp-block-image\"><img loading=\"lazy\" decoding=\"async\" width=\"1920\" height=\"876\" src=\"https:\/\/waldvorkies.de\/wp-content\/uploads\/2024\/10\/Rundwanderweg_1-scaled-e1728068437326.jpeg\" alt=\"Beschilderung des Rundwegs 1\" class=\"wp-image-234\" srcset=\"https:\/\/waldvorkies.de\/wp-content\/uploads\/2024\/10\/Rundwanderweg_1-scaled-e1728068437326.jpeg 1920w, https:\/\/waldvorkies.de\/wp-content\/uploads\/2024\/10\/Rundwanderweg_1-scaled-e1728068437326-300x137.jpeg 300w, https:\/\/waldvorkies.de\/wp-content\/uploads\/2024\/10\/Rundwanderweg_1-scaled-e1728068437326-1024x467.jpeg 1024w, https:\/\/waldvorkies.de\/wp-content\/uploads\/2024\/10\/Rundwanderweg_1-scaled-e1728068437326-768x350.jpeg 768w, https:\/\/waldvorkies.de\/wp-content\/uploads\/2024\/10\/Rundwanderweg_1-scaled-e1728068437326-1536x701.jpeg 1536w\" sizes=\"auto, (max-width: 1920px) 100vw, 1920px\" \/><\/figure>\n\n\n\n<p class=\"has-black-color has-white-background-color has-text-color has-background has-link-color wp-elements-de81163c1d69241de8ad24763ff92390\">Bereits jetzt mangelt es an ausreichendem Auff\u00fcllmaterial, was seit 1990 zu einer immer gr\u00f6\u00dfer werdenden offenen und abzubauenden Fl\u00e4che f\u00fchrt. Die Nat\u00fcrlichkeit ist hier nicht mehr erkennbar. Trotz der Verpflichtung zur Rekultivierung greifen keine Beh\u00f6rden ein, obwohl ein Wald wie dieser etwa 100 Jahre oder mehr ben\u00f6tigt, um die gleiche G\u00fcte zu erreichen.<\/p>\n\n\n\n<p class=\"has-black-color has-white-background-color has-text-color has-background has-link-color wp-elements-fb18758db800f66b78c38519df00ec68\">Zudem besteht die betriebswirtschaftliche Gefahr darin, dass eine Auff\u00fcllung f\u00fcr das Betreiberunternehmen und die Abfuhrunternehmen nicht mehr profitabel genug sein wird, sobald kein Kies mehr mit aufgeladen werden kann. Dadurch entsteht eine riesige Kies- und Sandw\u00fcste. Das Unternehmen hat keine Auflagen entsprechenden finanziellen R\u00fccklagen zu bilden, was die Aufforstung erneut zu einem Problem f\u00fcr die Steuerzahler machen wird.<\/p>\n\n\n\n<p class=\"has-black-color has-white-background-color has-text-color has-background has-link-color wp-elements-56b9f71ce300343e598a44e1e8f1446a\">Die vorgeschriebene Umweltvertr\u00e4glichkeitsstudie (UVS) kommt zum Schluss, dass das Vorhaben unbedenklich f\u00fcr Umweltschutzg\u00fcter wie Mensch, Natur und Wasser ist. Die folgenden Punkte zeigen jedoch, dass die UVS auf mangelhaften, l\u00fcckenhaften und falschen Informationen beruht.<\/p>\n\n\n\n<p class=\"has-black-color has-white-background-color has-text-color has-background has-link-color wp-elements-39820a68e1f08e4e00e27dff7f601607\">Der Bericht ber\u00fccksichtigt unter anderem nicht die Auswirkungen auf die Bewohner der Stadt Passau.<\/p>\n\n\n\n<p class=\"has-black-color has-white-background-color has-text-color has-background has-link-color wp-elements-9dcc0c14e7e3939857c8cb9e925eea55\">Ebenso werden vorkommende und gesch\u00fctzte Tierarten ignoriert. Auf Anhieb findet man hier Gelbbauchunken, Feuersalamander, \u00c4skulapnatter oder Springfrosch:<\/p>\n\n\n\n<figure class=\"wp-block-image\"><img loading=\"lazy\" decoding=\"async\" width=\"1600\" height=\"706\" src=\"https:\/\/waldvorkies.de\/wp-content\/uploads\/2024\/10\/Springfrosch-e1728068453824.jpg\" alt=\"Springfrosch\" class=\"wp-image-232\" srcset=\"https:\/\/waldvorkies.de\/wp-content\/uploads\/2024\/10\/Springfrosch-e1728068453824.jpg 1600w, https:\/\/waldvorkies.de\/wp-content\/uploads\/2024\/10\/Springfrosch-e1728068453824-300x132.jpg 300w, https:\/\/waldvorkies.de\/wp-content\/uploads\/2024\/10\/Springfrosch-e1728068453824-1024x452.jpg 1024w, https:\/\/waldvorkies.de\/wp-content\/uploads\/2024\/10\/Springfrosch-e1728068453824-768x339.jpg 768w, https:\/\/waldvorkies.de\/wp-content\/uploads\/2024\/10\/Springfrosch-e1728068453824-1536x678.jpg 1536w\" sizes=\"auto, (max-width: 1600px) 100vw, 1600px\" \/><\/figure>\n\n\n\n<p class=\"has-black-color has-white-background-color has-text-color has-background has-link-color wp-elements-80384cf85ed7611b2714125d46640c5c\">Auch der Wert f\u00fcr die Naherholung der B\u00fcrger wird in keiner Weise ad\u00e4quat behandelt.<\/p>\n\n\n\n<p class=\"has-black-color has-white-background-color has-text-color has-background has-link-color wp-elements-6cbd40dbfc36f3609ef332bb9d1837b9\">Am schwerwiegendsten ist jedoch, dass die wasserr\u00fcckhaltende und wasserspeichernde Funktion des Waldbodens in Kombination mit der gewaltigen Kiesschicht nirgendwo erw\u00e4hnt wird. Mehrere Quellen der umliegenden B\u00e4che werden von hier gespeist. Es besteht die begr\u00fcndete Gefahr, dass es in Sommermonaten zur Austrocknung kommt und bei Starkregen gewaltige Wassermassen in die unterliegende Ortschaft gelangen. Die Anlieger oder die Gemeinschaft der Steuerzahler m\u00fcssen dann erneut f\u00fcr die Konsequenzen aufkommen.<\/p>\n\n\n\n<h2 class=\"wp-block-heading has-text-align-center\" style=\"font-style:normal;font-weight:100\">Kontakt<\/h2>\n\n\n\n<p class=\"has-text-align-center has-black-color has-white-background-color has-text-color has-background has-link-color wp-elements-1b5f7f4c2acdc84dee207f78de8243e3\">info(at)waldvorkies.de<\/p>\n","protected":false},"excerpt":{"rendered":"<p>Willkommen auf der Website der Bewegung &#8222;Wald vor Kies&#8220;. Wir sind eine Gruppe von engagierten B\u00fcrgern aus Passau, die sich gemeinsam gegen die geplante Erweiterung des Kieswerks in Salzweg\/Untersimboln einsetzen. Unsere Mission ist es, die Auswirkungen dieses Vorhabens auf unsere Umwelt, unsere Gesundheit und unsere Lebensqualit\u00e4t transparent darzustellen und aktiv gegen diesen unverh\u00e4ltnism\u00e4\u00dfigen Eingriff in [&hellip;]<\/p>\n","protected":false},"author":1,"featured_media":0,"parent":0,"menu_order":0,"comment_status":"closed","ping_status":"open","template":"","meta":{"footnotes":""},"class_list":["post-5","page","type-page","status-publish","hentry"],"_links":{"self":[{"href":"https:\/\/waldvorkies.de\/index.php?rest_route=\/wp\/v2\/pages\/5","targetHints":{"allow":["GET"]}}],"collection":[{"href":"https:\/\/waldvorkies.de\/index.php?rest_route=\/wp\/v2\/pages"}],"about":[{"href":"https:\/\/waldvorkies.de\/index.php?rest_route=\/wp\/v2\/types\/page"}],"author":[{"embeddable":true,"href":"https:\/\/waldvorkies.de\/index.php?rest_route=\/wp\/v2\/users\/1"}],"replies":[{"embeddable":true,"href":"https:\/\/waldvorkies.de\/index.php?rest_route=%2Fwp%2Fv2%2Fcomments&post=5"}],"version-history":[{"count":14,"href":"https:\/\/waldvorkies.de\/index.php?rest_route=\/wp\/v2\/pages\/5\/revisions"}],"predecessor-version":[{"id":257,"href":"https:\/\/waldvorkies.de\/index.php?rest_route=\/wp\/v2\/pages\/5\/revisions\/257"}],"wp:attachment":[{"href":"https:\/\/waldvorkies.de\/index.php?rest_route=%2Fwp%2Fv2%2Fmedia&parent=5"}],"curies":[{"name":"wp","href":"https:\/\/api.w.org\/{rel}","templated":true}]}}